 of 129005.
5, 25801
List the prime factors of 21955391.
4289, 5119
What are the prime factors of 420952?
2, 7, 7517
What are the prime factors of 48225?
3, 5, 643
List the prime factors of 949517.
949517
What are the prime factors of 4892969?
1609, 3041
What are the prime factors of 90569?
41, 47
List the prime factors of 1926333.
3, 193, 1109
List the prime factors of 884219.
7, 126317
List the prime factors of 99117.
3, 3671
List the prime factors of 3174778.
2, 1587389
What are the prime factors of 1854173?
17, 29, 3761
List the prime factors of 32670.
2, 3, 5, 11
List the prime factors of 6237611.
197, 31663
List the prime factors of 34242.
2, 3, 13, 439
List the prime factors of 3029068.
2, 7, 251, 431
What are the prime factors of 188173?
17, 11069
List the prime factors of 13224009.
3, 1427, 3089
What are the prime factors of 585064?
2, 73133
List the prime factors of 3038606.
2, 251, 6053
List the prime factors of 356839.
7, 19, 2683
List the prime factors of 1018020.
2, 3, 5, 19, 47
List the prime factors of 8758506.
2, 3, 19, 76829
What are the prime factors of 5415369?
3, 1805123
What are the prime factors of 827158?
2, 413579
What are the prime factors of 76340?
2, 5, 11, 347
What are the prime factors of 7780041?
3, 864449
What are the prime factors of 2224919?
19, 117101
List the prime factors of 5051785.
5, 1010357
List the prime factors of 5236823.
5236823
What are the prime factors of 637901?
11, 57991
What are the prime factors of 3204252?
2, 3, 29669
List the prime factors of 4991489.
17, 293617
What are the prime factors of 809243?
809243
What are the prime factors of 260005?
5, 149, 349
What are the prime factors of 4119792?
2, 3, 85829
List the prime factors of 18650295.
3, 5, 414451
List the prime factors of 19589674.
2, 13, 29, 25981
List the prime factors of 128099.
128099
List the prime factors of 209806.
2, 23, 4561
List the prime factors of 5574206.
2, 11, 29, 8737
What are the prime factors of 249278?
2, 113, 1103
What are the prime factors of 18522396?
2, 3, 281, 1831
List the prime factors of 27548534.
2, 13, 17, 62327
What are the prime factors of 5498771?
19, 23, 12583
List the prime factors of 3221471.
11, 61, 4801
What are the prime factors of 35802?
2, 3, 13, 17
What are the prime factors of 133612?
2, 33403
List the prime factors of 192929.
11, 17539
What are the prime factors of 255765?
3, 5, 17, 59
What are the prime factors of 430812?
2, 3, 3989
List the prime factors of 232143.
3, 223, 347
List the prime factors of 1147823.
17, 251, 269
What are the prime factors of 284994?
2, 3, 71, 223
What are the prime factors of 9258899?
13, 83, 8581
List the prime factors of 2149681.
2149681
What are the prime factors of 18239?
13, 23, 61
List the prime factors of 23258648.
2, 7, 67, 6199
List the prime factors of 4571906.
2, 2285953
List the prime factors of 2495843.
7, 356549
What are the prime factors of 502867?
37, 13591
List the prime factors of 2953649.
31, 95279
What are the prime factors of 1443931?
61, 23671
What are the prime factors of 1170374?
2, 31, 43, 439
List the prime factors of 546967.
546967
List the prime factors of 2144943.
3, 61, 3907
What are the prime factors of 17089?
23, 743
What are the prime factors of 2514418?
2, 1257209
List the prime factors of 8234701.
8234701
List the prime factors of 2969374.
2, 643, 2309
List the prime factors of 27319300.
2, 5, 273193
List the prime factors of 2813297.
41, 59, 1163
List the prime factors of 10210044.
2, 3, 13, 65449
What are the prime factors of 2537444?
2, 7, 13, 6971
What are the prime factors of 6797549?
11, 617959
What are the prime factors of 32281206?
2, 3, 1319, 4079
List the prime factors of 369261.
3, 89, 461
List the prime factors of 272854.
2, 227, 601
List the prime factors of 588128.
2, 18379
What are the prime factors of 9349609?
17, 549977
List the prime factors of 496478.
2, 23, 43, 251
List the prime factors of 79838.
2, 11, 19, 191
What are the prime factors of 3272086?
2, 1636043
What are the prime factors of 12765139?
12765139
List the prime factors of 1263676.
2, 61, 5179
List the prime factors of 6233675.
5, 7, 179, 199
What are the prime factors of 1332985?
5, 29, 317
What are the prime factors of 700172?
2, 11, 15913
What are the prime factors of 9846224?
2, 615389
List the prime factors of 1116896.
2, 11, 19, 167
List the prime factors of 247110.
2, 3, 5, 8237
What are the prime factors of 1206197?
29, 41593
List the prime factors of 4952027.
19, 263, 991
What are the prime factors of 1355773?
863, 1571
List the prime factors of 167227.
43, 3889
What are the prime factors of 44826?
2, 3, 31, 241
List the prime factors of 2030633.
11, 17, 10859
What are the prime factors of 874842?
2, 3, 145807
List the prime factors of 3850082.
2, 1925041
List the prime factors of 13658323.
7, 59, 33071
What are the prime factors of 266141?
37, 7193
List the prime factors of 278907.
3, 31, 2999
What are the prime factors of 870019?
43, 20233
List the prime factors of 16902954.
2, 3, 223, 4211
What are the prime factors of 588994?
2, 7, 42071
What are the prime factors of 63738?
2, 3, 3541
List the prime factors of 15046258.
2, 17, 442537
List the prime factors of 102973.
13, 89
What are the prime factors of 576803?
67, 8609
List the prime factors of 6826726.
2, 3413363
List the prime factors of 41623.
107, 389
What are the prime factors of 1859069?
17, 109357
What are the prime factors of 190626?
2, 3, 31771
What are the prime factors of 390351?
3, 13, 10009
What are the prime factors of 6143933?
1123, 5471
What are the prime factors of 471620?
2, 5, 23581
What are the prime factors of 11019054?
2, 3, 853, 2153
List the prime factors of 12407371.
2503, 4957
List the prime factors of 1645543.
1645543
What are the prime factors of 20064971?
199, 100829
List the prime factors of 43511.
13, 3347
List the prime factors of 18300.
2, 3, 5, 61
List the prime factors of 733150.
2, 5, 11, 31, 43
What are the prime factors of 1198841?
7, 171263
What are the prime factors of 160292?
2, 11, 3643
What are the prime factors of 1871838?
2, 3, 103991
What are the prime factors of 65277?
3, 7253
What are the prime factors of 432355?
5, 7, 11, 1123
List the prime factors of 1753012.
2, 438253
What are the prime factors of 5113977?
3, 11, 31, 4999
List the prime factors of 1776325.
5, 41, 1733
List the prime factors of 20595357.
3, 762791
What are the prime factors of 8080360?
2, 5, 23, 8783
What are the prime factors of 691895?
5, 71, 1949
List the prime factors of 38625.
3, 5, 103
What are the prime factors of 1153744?
2, 72109
List the prime factors of 5950886.
2, 2975443
What are the prime factors of 82138?
2, 7, 5867
What are the prime factors of 2937454?
2, 13, 112979
List the prime factors of 54152.
2, 7, 967
What are the prime factors of 114364?
2, 28591
List the prime factors of 747155.
5, 23, 73, 89
List the prime factors of 2387879.
13, 183683
What are the prime factors of 485609?
485609
List the prime factors of 704780.
2, 5, 131, 269
List the prime factors of 417819.
3, 139273
What are the prime factors of 11944434?
2, 3, 347, 5737
What are the prime factors of 374864?
2, 7, 3347
List the prime factors of 1099872.
2, 3, 19, 67
What are the prime factors of 4224636?
2, 3, 13, 17, 59
List the prime factors of 1181761.
7, 79, 2137
What are the prime factors of 936141?
3, 312047
What are the prime factors of 21328909?
7, 37, 82351
List the prime factors of 328320.
2, 3, 5, 19
List the prime factors of 37673102.
2, 18836551
What are the prime factors of 2534553?
3, 7, 40231
List the prime factors of 251978.
2, 19, 349
List the prime factors of 7193208.
2, 3, 11, 2477
List the prime factors of 228943.
11, 13, 1601
What are the prime factors of 9785907?
3, 293, 1237
List the prime factors of 78378.
2, 3, 13063
What are the prime factors of 5080645?
5, 137, 7417
What are the prime factors of 283763?
283763
What are the prime factors of 3693715?
5, 738743
What are the prime factors of 350578?
2, 59, 2971
List the prime factors of 1562001.
3, 7, 74381
What are the prime factors of 235254?
2, 3, 39209
List the prime factors of 698183.
698183
List the prime factors of 10190495.
5, 7, 23, 12659
What are the prime factors of 37657092?
2, 3, 11, 285281
